{"id":887,"date":"2020-04-21T21:46:39","date_gmt":"2020-04-21T19:46:39","guid":{"rendered":"https:\/\/www.voetzorgoldenzaal.nl\/?page_id=887"},"modified":"2023-12-31T18:27:13","modified_gmt":"2023-12-31T16:27:13","slug":"praktijkvoorwaarden-bij-voetzorg-oldenzaal","status":"publish","type":"page","link":"https:\/\/www.voetzorgoldenzaal.nl\/?page_id=887","title":{"rendered":"Praktijkvoorwaarden bij Voetzorg Oldenzaal:"},"content":{"rendered":"\n<p>Algemene Voorwaarden Medisch Pedicure Simone, Betalingsvoorwaarden en condities: &nbsp;<\/p>\n\n\n\n<ul class=\"wp-block-list\">\n<li>Behandeling volgens afspraak.&nbsp;<\/li>\n\n\n\n<li>De praktijk is goed te bereiken telefonisch, WhatsApp &amp; e-mail. Deze laatste 2 prefereren we boven telefonisch contact. &nbsp;<\/li>\n\n\n\n<li>Afspraak kan telefonisch gemaakt worden maar ook online geboekt worden op mijn website of op mijn facebook pagina.&nbsp;<\/li>\n\n\n\n<li>Bij 1ste afspraak gelieve uw zorgpas mee te nemen.<\/li>\n\n\n\n<li>Ik heb een medisch pedicure diploma waardoor ik mijn AGB \u2013code heb, hierom is vergoeding zorgverzekeraars mogelijk. Check hiervoor onderaan op mijn website de link voor \u201cvergoedingen zorgverzekeraars\u201d.&nbsp;<\/li>\n\n\n\n<li>Bent u diabeet? Dan kan het zijn dat u recht heeft op vergoeding vanuit de basisverzekering. HIervoor dient u eerst een bezoek aan de podotherapeut te brengen. Hij\/zij beoordeelt welk zorgprofiel bij u past. Dit kan ook een diabetesverpleegkundige voor u doen. Mits er maar een sim kwalificatie of zorgprofiel op vermeld staat.&nbsp;<\/li>\n\n\n\n<li>Samenwerkingsverband met onder andere: Podotherapie Rondom (Oost-Nederland) &amp; Wender.<\/li>\n\n\n\n<li>Tijdens een behandeling kan ik de telefoon om hygi\u00ebnische redenen niet beantwoorden. Het is daarom van belang te weten dat u het beste altijd de voicemail kunt inspreken. Zodat ik u direct terug kan bellen zodra de gelegenheid zich voordoet. WhatsApp &amp; een e-mail mag ook!&nbsp;<\/li>\n\n\n\n<li>Alle prijzen op de website zijn onder voorbehoud van fouten en wijzigingen.&nbsp;<\/li>\n\n\n\n<li>Alle tarieven zijn in euro\u2019s en cosmetische behandelingen inclusief 21% BTW.\u00a0Medische behandelingen die onder de Wkkgz vallen is 0% BTW.<\/li>\n\n\n\n<li><strong>Annuleren of wijzigen<\/strong> van afspraken minimaal 24 uur voor de afgesproken tijd. Bij niet nagekomen afspraken, ongeacht de reden, wordt de gereserveerde tijd volledig in rekening gebracht.&nbsp;<\/li>\n\n\n\n<li><strong>Annuleren <\/strong>kan bij voorkeur via e-mail <a rel=\"noreferrer noopener\" href=\"mailto:info@voetzorgoldenzaal.nl\" target=\"_blank\">info@voetzorgoldenzaal.nl<\/a> , WhatsApp Of via de link in uw afspraakbevestigingsmail die u heeft gekregen.&nbsp;<\/li>\n\n\n\n<li><strong>Wijzigen<\/strong> van Uw afspraak kan op werkdagen van 9 tot 17 uur via ons telefoonnummer 06-16915091. Of 24 uur per dag via de link in uw afspraakbevestigingsmail die u heeft gekregen mits minimaal 24 uur van tevoren.\u00a0<\/li>\n\n\n\n<li>Betaling geschiedt bij voorkeur door te pinnen, of cash. Indien u betaling wenst d.m.v. facturering dan wordt het factuurbedrag verhoogd met \u20ac 2,50 administratiekosten en dient de rekening binnen 14 dagen na factuurdatum betaald te zijn.&nbsp;<\/li>\n\n\n\n<li>Bij een niet tijdige betaling wordt er een eerste herinneringsnota verstuurd. Als er na een tweede herinnering nog niet tot betaling wordt overgegaan, zal de afhandeling van de factuur in handen worden gegeven van een incassobureau.&nbsp;<\/li>\n\n\n\n<li>Wij proberen op tijd te werken. Indien u 10 minuten of langer verlaat bent, wordt de behandeling ingekort zodat een volgende pati\u00ebnt\/cli\u00ebnt niet onnodig langer hoeft te wachten. Mochten wij nog bezig zijn met een andere client dan verzoeken wij u vriendelijk om geduldig plaats te nemen en even te wachten.&nbsp;<\/li>\n\n\n\n<li>De cli\u00ebnt voorziet de voetzorgverlener van Medisch Pedicure Simone v\u00f3\u00f3r de eerste behandeling van alle gegevens, waarvan de voetzorgverlener aangeeft dat deze noodzakelijk zijn of waarvan de pati\u00ebnt\/cli\u00ebnt redelijkerwijs behoort te begrijpen dat deze noodzakelijk zijn voor het zorgvuldig uitvoeren van de behandelingen.&nbsp;<\/li>\n\n\n\n<li>De pati\u00ebnt\/cli\u00ebnt geeft medische veranderingen door aan Medisch Pedicure Simone bijvoorbeeld chemotherapie of diabetes.&nbsp;<\/li>\n\n\n\n<li>Medisch Pedicure Simone neemt de persoonlijke gegevens van de cli\u00ebnt op in een geautomatiseerd systeem. Medisch Pedicure Simone behandelt de vertrouwelijke gegevens van de cli\u00ebnt volgens de richtlijnen in de Wet Bescherming Persoonsgegevens.&nbsp;<\/li>\n\n\n\n<li>Medisch Pedicure Simone is niet aansprakelijk voor schade, van welke aard ook, ontstaan doordat de pedicure is uitgegaan van door de pati\u00ebnt\/cli\u00ebnt verstrekte onjuiste en\/of onvolledige informatie over relevante lichamelijke aandoeningen, medicijngebruik, werkzaamheden of vrijetijdsbesteding.&nbsp;<\/li>\n\n\n\n<li>Medisch Pedicure Simone is niet aansprakelijk voor verlies, diefstal of beschadiging van persoonlijke eigendommen die de pati\u00ebnt\/cli\u00ebnt heeft meegenomen naar de praktijk.&nbsp;<\/li>\n\n\n\n<li>Medisch Pedicure Simone geeft 7 dagen kwaliteitsgarantie op behandeling en producten. Garantie vervalt indien: &nbsp;<\/li>\n<\/ul>\n\n\n\n<p>            &#8211; De pati\u00ebnt\/cli\u00ebnt de adviezen niet heeft opgevolgd. &nbsp;<\/p>\n\n\n\n<p>           &#8211; De pati\u00ebnt\/cli\u00ebnt de verwijzing naar een andere discipline niet heeft                       opgevolgd.&nbsp;<\/p>\n\n\n\n<p>            &#8211; De pati\u00ebnt\/cli\u00ebnt de producten niet volgens de gebruiksaanwijzing    of aanwijzingen heeft gebruikt.&nbsp;<\/p>\n\n\n\n<p>           &#8211; Garantie wordt niet gegeven op de behandeling van eeltpitten en of ingroeiende nagels en dergelijke.&nbsp;<\/p>\n\n\n\n<ul class=\"wp-block-list\">\n<li>Indien een pati\u00ebnt\/cli\u00ebnt een klacht heeft over de behandeling of een product, moet deze zo spoedig mogelijk, doch uiterlijk binnen zeven dagen, schriftelijk worden gemeld aan Medisch Pedicure Simone.&nbsp;<\/li>\n\n\n\n<li>Medisch Pedicure Simone dient de cli\u00ebnt binnen zeven dagen na ontvangst van de schriftelijke klacht, adequaat antwoord te geven. Indien de klacht gegrond is dan zal Medisch Pedicure Simone \/ behandelende voetzorgverlener, de behandeling opnieuw gratis uitvoeren.&nbsp;<\/li>\n\n\n\n<li>Onvoldoende resultaat van de behandeling geeft u in geen enkel geval recht op restitutie of vrijstelling van betaling.&nbsp;<\/li>\n\n\n\n<li>Indien Medisch Pedicure Simone dit voor een goede uitvoering van de behandeling wenselijk acht, of indien de geboekte Pedicure verhinderd is, dan heeft Medische pedicure Simone het recht om zonder overleg met de cli\u00ebnt bepaalde werkzaamheden \/ behandeling te laten verrichten door een andere medewerker met dezelfde competenties of stagiaire onder begeleiding.&nbsp;<\/li>\n\n\n\n<li>Indien Medisch Pedicure Simone en pati\u00ebnt\/cli\u00ebnt niet tot overeenstemming kunnen komen dan kan de pati\u00ebnt\/cli\u00ebnt het geschil voorleggen aan de geschillencommissie.&nbsp;<\/li>\n\n\n\n<li>Gedrag: De cli\u00ebnt dient zich in de praktijk volgens de algemeen aanvaarde normen te gedragen. Indien een cli\u00ebnt na waarschuwing, onbehoorlijk gedrag blijft vertonen, heeft Medisch Pedicure Simone het recht de cli\u00ebnt de toegang tot de praktijk te ontzeggen zonder opgaaf van redenen.&nbsp;<\/li>\n\n\n\n<li>Recht: Op welke overeenkomst tussen Medisch Pedicure Simone en cli\u00ebnt is het Nederlands recht van toepassing. In geval van uitleg van de inhoud en strekking van deze algemene voorwaarden, is de Nederlandse tekst daarvan steeds bepalend. Van toepassing is steeds de laatst gedeponeerde versie cq de versie zoals die gold ten tijde van de totstandkoming van de overeenkomst.&nbsp;<\/li>\n<\/ul>\n","protected":false},"excerpt":{"rendered":"<p>Algemene Voorwaarden Medisch Pedicure Simone, Betalingsvoorwaarden en condities: &nbsp; &#8211; De pati\u00ebnt\/cli\u00ebnt de adviezen niet heeft opgevolgd. &nbsp; &#8211; De pati\u00ebnt\/cli\u00ebnt de verwijzing naar een andere discipline niet heeft opgevolgd.&nbsp; &#8211; De pati\u00ebnt\/cli\u00ebnt de producten niet volgens de gebruiksaanwijzing of aanwijzingen heeft gebruikt.&nbsp; &#8211; Garantie wordt niet gegeven op de behandeling van eeltpitten en of &hellip; <\/p>\n","protected":false},"author":2,"featured_media":0,"parent":0,"menu_order":0,"comment_status":"closed","ping_status":"closed","template":"","meta":{"footnotes":""},"class_list":["post-887","page","type-page","status-publish","hentry","latest_post","no_image"],"_links":{"self":[{"href":"https:\/\/www.voetzorgoldenzaal.nl\/index.php?rest_route=\/wp\/v2\/pages\/887","targetHints":{"allow":["GET"]}}],"collection":[{"href":"https:\/\/www.voetzorgoldenzaal.nl\/index.php?rest_route=\/wp\/v2\/pages"}],"about":[{"href":"https:\/\/www.voetzorgoldenzaal.nl\/index.php?rest_route=\/wp\/v2\/types\/page"}],"author":[{"embeddable":true,"href":"https:\/\/www.voetzorgoldenzaal.nl\/index.php?rest_route=\/wp\/v2\/users\/2"}],"replies":[{"embeddable":true,"href":"https:\/\/www.voetzorgoldenzaal.nl\/index.php?rest_route=%2Fwp%2Fv2%2Fcomments&post=887"}],"version-history":[{"count":6,"href":"https:\/\/www.voetzorgoldenzaal.nl\/index.php?rest_route=\/wp\/v2\/pages\/887\/revisions"}],"predecessor-version":[{"id":1824,"href":"https:\/\/www.voetzorgoldenzaal.nl\/index.php?rest_route=\/wp\/v2\/pages\/887\/revisions\/1824"}],"wp:attachment":[{"href":"https:\/\/www.voetzorgoldenzaal.nl\/index.php?rest_route=%2Fwp%2Fv2%2Fmedia&parent=887"}],"curies":[{"name":"wp","href":"https:\/\/api.w.org\/{rel}","templated":true}]}}